e
Is 169709921 a prime number?
True
Is 1483830629 a composite number?
False
Is 20964196279 a prime number?
False
Is 1279578241 a composite number?
False
Is 1684459139 a composite number?
True
Is 1864804061 composite?
False
Is 9114304853 a composite number?
False
Is 520431019 a composite number?
False
Is 5150690507 a prime number?
True
Is 1780523131 prime?
True
Is 108600461 prime?
False
Is 696573949 prime?
True
Is 52512470011 composite?
False
Is 16382017957 a prime number?
False
Is 11209748281 a prime number?
True
Is 18347439899 composite?
True
Is 1502552137 composite?
True
Is 118754183035 prime?
False
Is 625969613 a prime number?
True
Is 256107959 composite?
False
Is 26262583 a composite number?
False
Is 9136078649 a composite number?
False
Is 5276599 a composite number?
False
Is 1086911239 a prime number?
False
Is 14610141647 a prime number?
False
Is 25022886947 composite?
False
Is 2457386419 a prime number?
False
Is 29774879 prime?
True
Is 57318425203 composite?
True
Is 257398627 a composite number?
True
Is 148746119 a prime number?
False
Is 570894683 composite?
True
Is 945913289 composite?
True
Is 433553917 a composite number?
True
Is 14207892905 prime?
False
Is 3887313359 a composite number?
False
Is 19590908083 composite?
False
Is 22032265933 prime?
True
Is 20144877817 prime?
True
Is 3312169337 composite?
False
Is 668553134291 a prime number?
False
Is 5019437023 a composite number?
False
Is 3129300695 a prime number?
False
Is 3838987402 a composite number?
True
Is 40106568659 a prime number?
True
Is 6763166447 composite?
False
Is 3924475781 composite?
True
Is 730201037 a prime number?
True
Is 28353621883 a prime number?
False
Is 9782437427 prime?
False
Is 1886854387 prime?
False
Is 1131738823 composite?
True
Is 1621100321 a composite number?
False
Is 2960219371 a composite number?
False
Is 9506462737 a prime number?
False
Is 3466332505 a composite number?
True
Is 5016824401 composite?
False
Is 1245801833 a prime number?
True
Is 2169787307 prime?
True
Is 17309516771 composite?
True
Is 11163299249 prime?
False
Is 1040360671 a prime number?
False
Is 53637092981 prime?
True
Is 116953232867 prime?
True
Is 4322011667 a prime number?
False
Is 652363709 a composite number?
False
Is 186954143 a composite number?
True
Is 25525939867 a composite number?
True
Is 9472528667 prime?
False
Is 1302361013 a prime number?
True
Is 22500896441 prime?
False
Is 9108151643 composite?
False
Is 222540737 composite?
True
Is 1761205609 a prime number?
False
Is 23376853309 a prime number?
False
Is 33058881389 prime?
True
Is 1564397437 composite?
False
Is 8577862339 composite?
False
Is 382088683 a composite number?
False
Is 106419557501 a prime number?
True
Is 490525751 prime?
False
Is 14987704243 a composite number?
False
Is 70921303 prime?
True
Is 96375443 prime?
True
Is 979417249 a prime number?
False
Is 190299091 composite?
False
Is 17834658197 prime?
False
Is 6508519051 a prime number?
True
Is 358917155 prime?
False
Is 960843707 prime?
True
Is 362448589 a prime number?
False
Is 63855015097 composite?
False
Is 660316199 a prime number?
True
Is 1468332913 a composite number?
True
Is 38692249 composite?
True
Is 16835322863 a prime number?
True
Is 903679607 a prime number?
True
Is 14869037543 a prime number?
True
Is 43770052819 composite?
True
Is 3166055003 prime?
False
Is 2278193 composite?
True
Is 3616989269 a prime number?
False
Is 1222469639 a prime number?
False
Is 94798757003 composite?
True
Is 992337754 a composite number?
True
Is 1782251833 prime?
False
Is 72599374817 a composite number?
False
Is 557095543 a composite number?
False
Is 1182839827 a prime number?
False
Is 4278759973 prime?
False
Is 37082220269 a prime number?
True
Is 559341241 a composite number?
True
Is 8672423891 a composite number?
True
Is 2538586441 a prime number?
True
Is 15838261 composite?
False
Is 278465251 composite?
False
Is 25936242023 composite?
False
Is 31793587297 a prime number?
True
Is 1533045977 a prime number?
False
Is 2581674631 a prime number?
True
Is 2105358491 composite?
False
Is 41436010943 composite?
False
Is 112130401531 a composite number?
False
Is 172142797667 a composite number?
False
Is 50122285595 prime?
False
Is 665298209 a composite number?
False
Is 53747341 a composite number?
False
Is 13430421902 composite?
True
Is 2538789845 a composite number?
True
Is 82988231 a composite number?
False
Is 4279622371 prime?
True
Is 1532839321 a prime number?
False
Is 11440526443 a prime number?
True
Is 14413953379 a composite number?
True
Is 5211009067 prime?
False
Is 1847240911 a prime number?
False
Is 10796434107 prime?
False
Is 2622829847 a prime number?
False
Is 19640794697 composite?
True
Is 1980816109 composite?
False
Is 32654307061 a prime number?
False
Is 75232043191 composite?
False
Is 5484595477 a composite number?
False
Is 3196051751 composite?
True
Is 36937367 prime?
False
Is 5168094851 prime?
True
Is 13717341613 composite?
False
Is 55830072253 prime?
False
Is 491949014 composite?
True
Is 85673545241 a prime number?
False
Is 405341054 a composite number?
True
Is 410346941 a composite number?
True
Is 10145567899 composite?
False
Is 14678027363 a prime number?
False
Is 913601303 composite?
False
Is 328285333 composite?
False
Is 30945694147 composite?
False
Is 48141188057 composite?
False
Is 2017389287 a prime number?
True
Is 25995440105 a prime number?
False
Is 2096022211 prime?
True
Is 111764165 composite?
True
Is 162179357 composite?
True
Is 1787788531 a composite number?
False
Is 5946693463 a composite number?
False
Is 11708200771 composite?
False
Is 5294127689 composite?
False
Is 9567806399 composite?
False
Is 6025314649 prime?
False
Is 875814113 prime?
False
Is 1935577459 a prime number?
False
Is 6896403991 a composite number?
True
Is 8232037969 prime?
True
Is 955478031 a composite number?
True
Is 1258678039 a prime number?
False
Is 45660938797 a composite number?
False
Is 124082151691 composite?
False
Is 104052283087 composite?
True
Is 386614535 a composite number?
True
Is 25795968559 composite?
False
Is 6130230109 prime?
True
Is 338481335939 a prime number?
True
Is 1886703079 prime?
False
Is 1059981914 composite?
True
Is 227942591 prime?
False
Is 10628578367 composite?
True
Is 31494973259 prime?
False
Is 136801717 composite?
True
Is 42071851841 a prime number?
False
Is 2462927027 a prime number?
False
Is 9993472231 a prime number?
True
Is 46774561 a composite number?
True
Is 1714233938 a composite number?
True
Is 5645980633 a prime number?
False
Is 26874563099 prime?
True
Is 55233625019 composite?
True
Is 1591269907 a composite number?
False
Is 522214667 composite?
True
Is 20634209637 prime?
False
Is 235486319987 prime?
False
Is 36688989593 a prime number?
True
Is 15083923423 prime?
False
Is 916209587 composite?
True
Is 108321635 prime?
False
Is 1415626181 composite?
True
Is 107791683 a composite number?
True
Is 23175916447 prime?
False
Is 2012005601 prime?
True
Is 61275658823 composite?
True
Is 90656897 composite?
False
Is 2667883793 composite?
True
Is 2444586311 a composite number?
False
Is 28270169087 a prime number?
True
Is 35568450409 composite?
True
Is 15847857143 prime?
False
Is 988752791 a prime number?
False
Is 65408201189 a prime number?
False
Is 167135866853 composite?
False
Is 1619036943 a prime number?
False
Is 18398938717 a prime number?
True
Is 8442496999 a prime number?
True
Is 6288524447 prime?
False
Is 7792215113 a prime number?
True
Is 17969585511 composite?
True
Is 47852257 a prime number?
True
Is 9201139507 a composite number?
True
Is 345439571 a prime number?
False
Is 402410653 composite?
False
Is 12632882153 composite?
False
Is 5263506091 a composite number?
True
Is 731631389 a composite number?
False
Is 9938972357 a prime number?
False
Is 116923799 prime?
True
Is 6180706669 a prime number?
False
Is 2856047897 a prime number?
False
Is 18457868651 composite?
True
Is 4585661669 composite?
True
Is 78498828053 a composite number?
False
Is 358577939 a composite number?
False
Is 213218117 prime?
False
Is 1642428911 a prime number?
True
Is 13575274277 a composite number?
False
Is 256121933 a composite number?
False
Is 19380769679 a prime number?
False
Is 22823350747 prime?
False
Is 2562671071 prime?
True
Is 5614169389 prime?
True
Is 159581